
Convert 4116 (base 8) to base 2.
100001001110
-2be6 (base 15) to base 13
-43b3
What is aa8 (base 13) in base 4?
130210
1a1 (base 15) to base 4
11320
What is -1700 (base 9) in base 5?
-20141
What is -1066 (base 7) in base 13?
-241
-33012202 (base 4) to base 5
-3434413
-2159 (base 12) to base 16
-e55
What is 8974 (base 11) in base 13?
54c1
Convert -285a (base 11) to base 15.
-1165
Convert 1167 (base 16) to base 10.
4455
Convert 422122 (base 5) to base 15.
425c
-5e7b (base 16) to base 13
-b017
-32b (base 12) to base 9
-568
10020022 (base 3) to base 10
2357
-1110001110100000 (base 2) to base 3
-2221221020
What is -1022 (base 7) in base 8?
-547
828 (base 11) to base 4
33212
What is -33542 (base 6) in base 10?
-4742
Convert -754 (base 10) to base 12.
-52a
Convert 490 (base 14) to base 4.
32032
-769 (base 15) to base 6
-11430
110111000111 (base 2) to base 8
6707
What is -100001 (base 2) in base 11?
-30
-34330 (base 5) to base 15
-ae5
11110000011101 (base 2) to base 9
23088
What is -511 (base 16) in base 15?
-5b7
Convert 222203 (base 5) to base 12.
4623
Convert -1065 (base 9) to base 14.
-404
Convert -514 (base 7) to base 4.
-10000
-41 (base 9) to base 14
-29
What is -1320 (base 16) in base 13?
-22c8
What is -23143 (base 5) in base 11?
-1291
1042130 (base 6) to base 15
10786
Convert 75 (base 14) to base 15.
6d
What is -1237 (base 8) in base 5?
-10141
Convert 58 (base 13) to base 11.
67
Convert 2838 (base 13) to base 11.
4397
Convert 1110001 (base 3) to base 4.
100132
What is 21031 (base 4) in base 13?
364
What is 192 (base 10) in base 7?
363
What is 3ebd (base 15) in base 10?
13453
What is 1011110101 (base 2) in base 16?
2f5
1101101111111 (base 2) to base 14
27cb
-23622 (base 9) to base 5
-1001230
b9 (base 12) to base 8
215
What is -138 (base 10) in base 8?
-212
What is -10324 (base 12) in base 16?
-52cc
Convert 25877 (base 9) to base 4.
10101031
What is -bb7 (base 12) in base 3?
-2100211
-67164 (base 8) to base 12
-14444
What is -4180 (base 13) in base 16?
-2365
56b (base 16) to base 13
829
-1443 (base 10) to base 3
-1222110
-1cb (base 15) to base 2
-110100000
2027 (base 9) to base 16
5cb
Convert c91 (base 13) to base 10.
2146
What is -3039 (base 10) in base 8?
-5737
-3833 (base 14) to base 7
-40463
-2a0 (base 12) to base 9
-503
Convert 157 (base 16) to base 15.
17d
What is -100010010110 (base 2) in base 13?
-1001
Convert 3d7 (base 16) to base 10.
983
-9a8 (base 13) to base 14
-867
-2557 (base 12) to base 4
-1002103
What is -1023223 (base 5) in base 9?
-25666
What is -b5d (base 15) in base 13?
-1222
421403 (base 5) to base 10
13978
Convert -1248 (base 10) to base 13.
-750
What is -19a9 (base 16) in base 4?
-1212221
222212 (base 3) to base 7
2054
Convert 111010000100001 (base 2) to base 5.
1422404
Convert 154544 (base 6) to base 3.
210000201
What is -19c (base 15) in base 14?
-1c8
Convert a72 (base 13) to base 6.
12131
What is -7d5b (base 15) in base 11?
-19015
What is 230123 (base 5) in base 3?
102012100
Convert -11004 (base 6) to base 3.
-2002011
Convert 546 (base 10) to base 7.
1410
a4 (base 11) to base 3
11020
Convert 12110 (base 5) to base 8.
1611
What is -210 (base 15) in base 3?
-122020
Convert 323432 (base 5) to base 3.
120020202
What is 1123302 (base 4) in base 12?
3496
56844 (base 9) to base 14
db2b
What is 974 (base 10) in base 4?
33032
What is 4770 (base 12) in base 6?
101020
25284 (base 13) to base 15
154a3
Convert 673 (base 14) to base 11.
a61
What is -2123 (base 4) in base 6?
-415
What is -54326 (base 8) in base 16?
-58d6
Convert 253 (base 6) to base 12.
89
5418 (base 10) to base 16
152a
What is -11c5 (base 15) in base 6?
-25305
Convert 3845 (base 9) to base 14.
1096
Convert -725 (base 16) to base 6.
-12245
What is -4645 (base 9) in base 13?
-174b
1265c (base 13) to base 8
102376
Convert -1846 (base 9) to base 10.
-1419
What is -1364 (base 10) in base 6?
-10152
-1000001000010 (base 2) to base 13
-1b82
What is 3b5 (base 12) in base 9?
702
What is 77b4 (base 13) in base 15?
4e3e
What is -583 (base 9) in base 5?
-3410
What is 22844 (base 9) in base 14?
57c8
Convert 14123 (base 12) to base 9.
42140
What is -13221 (base 4) in base 5?
-3424
What is -220556 (base 7) in base 13?
-14801
Convert 1202043 (base 6) to base 13.
226a7
-354 (base 9) to base 14
-16c
What is -111600 (base 8) in base 12?
-19a28
Convert -2314 (base 6) to base 2.
-1000100110
-126 (base 8) to base 3
-10012
What is 1188 (base 11) in base 4?
120030
Convert -4750 (base 8) to base 5.
-40121
What is -838d (base 14) in base 4?
-11202021
-2023111 (base 4) to base 3
-110020021
What is -2935 (base 10) in base 6?
-21331
What is 226 (base 13) in base 16?
172
3 (base 12) to base 11
3
What is -1147 (base 13) in base 15?
-aba
6908 (base 10) to base 12
3bb8
1103 (base 6) to base 11
212
-1642 (base 11) to base 12
-1273
What is 3415 (base 8) in base 12?
1065
Convert 12767 (base 9) to base 3.
102212021
6e2a (base 15) to base 7
125224
What is 5662 (base 14) in base 5?
434412
Convert 10010010000 (base 2) to base 11.
972
34513 (base 6) to base 7
20256
-1ab (base 13) to base 15
-15a
1213 (base 11) to base 12
b03
-131a7 (base 14) to base 9
-71412
Convert 55171 (base 10) to base 13.
1c15c
What is -1312 (base 6) in base 12?
-238
Convert 751 (base 10) to base 3.
1000211
Convert 1573 (base 8) to base 15.
3e6
Convert -340324 (base 5) to base 4.
-2322330
-621 (base 7) to base 15
-159
What is -2454 (base 8) in base 15?
-5d4
What is -397 (base 10) in base 5?
-3042
f0 (base 16) to base 11
1a9
Convert 3a9a3 (base 11) to base 5.
3332220
Convert -2215 (base 7) to base 5.
-11141
612 (base 8) to base 3
112121
Convert 1297 (base 12) to base 10.
2131
Convert -102121112 (base 3) to base 12.
-4a95
13535 (base 11) to base 14
704d
What is -78 (base 16) in base 14?
-88
What is 11100100111001 (base 2) in base 8?
34471
b9b (base 13) to base 15
8c7
Convert 47743 (base 8) to base 4.
10333203
Convert -325 (base 14) to base 3.
-212000
Convert -1121320 (base 5) to base 6.
-233322
221672 (base 8) to base 10
74682
8463 (base 16) to base 8
102143
747 (base 8) to base 5
3422
Convert 1010210212 (base 3) to base 13.
a2b9
What is -1200001210 (base 3) in base 8?
-100125
Convert -5a9 (base 12) to base 6.
-3533
-228c (base 15) to base 7
-30243
99 (base 15) to base 3
12100
What is 11011011010 (base 2) in base 15?
7be
Convert -1000010111100 (base 2) to base 4.
-1002330
Convert -13d (base 16) to base 10.
-317
Convert 9195 (base 16) to base 7.
213441
What is 49a1 (base 14) in base 11?
9750
-35811 (base 10) to base 14
-d09d
What is 5da (base 15) in base 11?
aaa
Convert -1e72 (base 16) to base 12.
-4616
Convert -14af (base 16) to base 15.
-1880
-480 (base 13) to base 3
-1001220
20011010 (base 3) to base 5
120420
What is 6001 (base 15) in base 10?
20251
What is -1352 (base 7) in base 6?
-2235
Convert -334304 (base 5) to base 11.
-8984
What is -324 (base 11) in base 16?
-185
What is -3577 (base 10) in base 15?
-10d7
What is 22c1 (base 13) in base 7?
20153
8022 (base 11) to base 12
6214
Convert -4453 (base 7) to base 15.
-721
-3ac (base 15) to base 5
-11322
Convert c6 (base 13) to base 12.
116
Convert -18a8 (base 11) to base 2.
-100101110001
-207 (base 13) to base 9
-423
What is -22323 (base 5) in base 12?
-b04
What is -b376 (base 12) in base 2?
-100110001001010
What is 128b0 (base 13) in base 9?
52227
What is -521 (base 12) in base 6?
-3241
What is 1234 (base 5) in base 2?
11000010
Convert 11111101 (base 3) to base 14.
12a1
Convert 20221110 (base 3) to base 6.
35233
What is -a728 (base 11) in base 7?
-56235
What is -12923 (base 11) in base 8?
-43761
What is -8250 (base 10) in base 11?
-6220
Convert 101110 (base 4) to base 2.
10001010100
-15514 (base 6) to base 9
-3461
Convert 47 (base 16) to base 10.
71
Convert -3212 (base 6) to base 11.
-602
What is -125505 (base 7) in base 11?
-16791
10400041 (base 5) to base 15
1bcd1
-1010001111011010 (base 2) to base 10
-41946
Convert -6b75 (base 15) to base 9.
-34282
What is -323542 (base 6) in base 16?
-6896
What is 154 (base 12) in base 8?
320
What is 112010 (base 3) in base 13?
234
-1221220020 (base 3) to base 2
-1001011010100010
-74b (base 14) to base 12
-9bb
Convert -8687 (base 12) to base 9.
-22254
316b2 (base 12) to base 15
1438e
Convert -5762 (base 14) to base 11.
-10449
What is -121101000 